hest common factor of 6555 and 552.
69
What is the greatest common divisor of 33 and 176?
11
Calculate the highest common factor of 216 and 16.
8
What is the greatest common factor of 74 and 2?
2
Calculate the greatest common factor of 32085 and 115.
115
What is the highest common factor of 24955 and 322?
161
What is the greatest common factor of 666 and 144?
18
What is the greatest common divisor of 69 and 123?
3
What is the highest common divisor of 1827 and 105?
21
Calculate the greatest common divisor of 98 and 574.
14
Calculate the highest common divisor of 1710 and 3610.
190
Calculate the highest common factor of 56 and 744.
8
Calculate the greatest common divisor of 11554 and 848.
106
Calculate the highest common factor of 28 and 4.
4
What is the highest common divisor of 96 and 352?
32
Calculate the highest common divisor of 12 and 23286.
6
What is the highest common divisor of 2 and 3?
1
What is the greatest common factor of 53 and 477?
53
Calculate the highest common divisor of 1222 and 39.
13
Calculate the highest common factor of 310 and 90.
10
What is the highest common factor of 9 and 639?
9
Calculate the greatest common factor of 287 and 126.
7
Calculate the greatest common divisor of 300 and 1725.
75
What is the greatest common factor of 480 and 1660?
20
What is the greatest common factor of 3208 and 16?
8
What is the greatest common divisor of 135874 and 82?
82
What is the greatest common divisor of 3113 and 566?
283
What is the highest common divisor of 8 and 60?
4
What is the greatest common factor of 510 and 30?
30
What is the greatest common factor of 710 and 30?
10
Calculate the greatest common factor of 4896 and 160.
32
What is the greatest common divisor of 30 and 225?
15
Calculate the highest common divisor of 527 and 93.
31
What is the greatest common factor of 76 and 399?
19
What is the greatest common divisor of 42 and 210?
42
Calculate the greatest common factor of 48 and 624.
48
What is the greatest common divisor of 5322 and 12?
6
What is the greatest common divisor of 33 and 132?
33
Calculate the greatest common divisor of 4575 and 150.
75
What is the highest common factor of 78 and 1950?
78
What is the greatest common factor of 352 and 64?
32
Calculate the highest common divisor of 1843 and 679.
97
Calculate the highest common factor of 153 and 255.
51
Calculate the highest common factor of 172 and 7396.
172
What is the highest common divisor of 358 and 1969?
179
Calculate the greatest common factor of 450 and 250.
50
What is the greatest common divisor of 270 and 44280?
270
What is the highest common factor of 124 and 403?
31
Calculate the greatest common factor of 2673 and 33.
33
Calculate the greatest common divisor of 60 and 570.
30
What is the highest common divisor of 434 and 105?
7
What is the highest common divisor of 48 and 372?
12
Calculate the greatest common divisor of 107 and 1712.
107
Calculate the highest common divisor of 216 and 16.
8
What is the highest common divisor of 148 and 37?
37
What is the greatest common factor of 2730 and 1120?
70
What is the highest common factor of 351 and 26?
13
What is the greatest common divisor of 1020 and 136?
68
Calculate the greatest common divisor of 300 and 240.
60
Calculate the highest common factor of 14 and 2772.
14
What is the highest common factor of 91 and 169?
13
Calculate the highest common factor of 385 and 7.
7
Calculate the highest common divisor of 95 and 152.
19
Calculate the highest common factor of 35 and 30.
5
Calculate the highest common factor of 4 and 324.
4
What is the greatest common factor of 95 and 76?
19
Calculate the highest common factor of 231 and 3311.
77
What is the greatest common factor of 22 and 924?
22
Calculate the highest common factor of 264 and 2574.
66
What is the greatest common factor of 323 and 272?
17
Calculate the greatest common divisor of 174 and 66.
6
Calculate the highest common factor of 154 and 9152.
22
What is the highest common factor of 9 and 603?
9
Calculate the greatest common divisor of 4 and 1.
1
Calculate the highest common factor of 13 and 637.
13
Calculate the greatest common divisor of 602 and 182.
14
Calculate the highest common divisor of 1368 and 72.
72
Calculate the highest common divisor of 7 and 721.
7
What is the highest common factor of 50 and 50?
50
What is the greatest common factor of 102 and 13056?
102
What is the highest common divisor of 13319 and 38?
19
What is the highest common factor of 12 and 471?
3
Calculate the highest common factor of 7 and 6727.
7
What is the greatest common divisor of 357 and 5474?
119
What is the greatest common divisor of 24855 and 15?
15
Calculate the greatest common factor of 232 and 2407.
29
Calculate the highest common factor of 632 and 79.
79
Calculate the highest common factor of 62 and 5983.
31
What is the highest common divisor of 33 and 627?
33
Calculate the greatest common factor of 726 and 14278.
242
Calculate the greatest common divisor of 140 and 2420.
20
What is the greatest common divisor of 944 and 592?
16
Calculate the highest common factor of 126 and 90.
18
What is the highest common factor of 203 and 5568?
29
What is the highest common divisor of 1501 and 38?
19
Calculate the highest common divisor of 7 and 371.
7
Calculate the greatest common divisor of 48 and 21648.
48
Calculate the highest common divisor of 88 and 308.
44
Calculate the greatest common divisor of 209 and 44.
11
What is the greatest common factor of 40 and 45?
5
What is the greatest common factor of 616 and 88?
88
Calculate the greatest common divisor of 8 and 8696.
8
Calculate the highest common divisor of 484 and 352.
44
Calculate the highest common divisor of 78 and 234.
78
Calculate the greatest common factor of 310 and 434.
62
Calculate the greatest common factor of 2470 and 285.
95
Calculate the highest common factor of 25 and 325.
25
What is the greatest common divisor of 13858 and 82?
82
What is the greatest common divisor of 255 and 2431?
17
What is the greatest common factor of 7550 and 50?
50
What is the greatest common factor of 294 and 105?
21
What is the greatest common divisor of 4656 and 48?
48
What is the highest common factor of 185 and 10915?
185
Calculate the highest common factor of 208 and 88.
8
Calculate the greatest common factor of 249 and 6.
3
Calculate the highest common divisor of 70 and 30.
10
What is the highest common divisor of 4108 and 52?
52
Calculate the greatest common divisor of 67 and 7.
1
What is the highest common factor of 176 and 1342?
22
Calculate the greatest common factor of 534 and 2314.
178
What is the highest common divisor of 1081 and 414?
23
Calculate the highest common divisor of 129 and 21801.
129
Calculate the highest common factor of 320 and 5.
5
What is the highest common factor of 196 and 686?
98
Calculate the greatest common divisor of 8350 and 100.
50
What is the highest common divisor of 649 and 2773?
59
What is the greatest common factor of 78 and 845?
13
Calculate the greatest common factor of 1547 and 221.
221
What is the greatest common divisor of 148 and 185?
37
What is the highest common factor of 16 and 272?
16
What is the highest common divisor of 595 and 510?
85
Calculate the greatest common divisor of 7 and 17.
1
What is the greatest common divisor of 703 and 19?
19
Calculate the highest common divisor of 12 and 78.
6
Calculate the greatest common divisor of 88 and 10824.
88
Calculate the greatest common divisor of 1228 and 4.
4
What is the highest common divisor of 12 and 22266?
6
Calculate the highest common factor of 56 and 296.
8
Calculate the highest common factor of 9516 and 36.
12
What is the highest common divisor of 56 and 126?
14
What is the highest common factor of 4125 and 1100?
275
Calculate the highest common factor of 84 and 3108.
84
Calculate the greatest common divisor of 37874 and 174.
58
What is the highest common divisor of 74 and 1406?
74
What is the highest common divisor of 2183 and 37?
37
What is the highest common divisor of 96 and 2?
2
Calculate the highest common divisor of 742 and 1134.
14
What is the greatest common divisor of 10 and 290?
10
What is the highest common factor of 10304 and 483?
161
What is the greatest common divisor of 140 and 756?
28
What is the great